[INFO] cloning repository https://github.com/joshhansen/Fil
[INFO] running `Command { std: "git" "-c" "credential.helper=" "-c" "credential.helper=/workspace/cargo-home/bin/git-credential-null" "clone" "--bare" "https://github.com/joshhansen/Fil" "/workspace/cache/git-repos/https%3A%2F%2Fgithub.com%2Fjoshhansen%2FFil", kill_on_drop: false }`
[INFO] [stderr] Cloning into bare repository '/workspace/cache/git-repos/https%3A%2F%2Fgithub.com%2Fjoshhansen%2FFil'...
[INFO] running `Command { std: "git" "rev-parse" "HEAD", kill_on_drop: false }`
[INFO] [stdout] f2bb82d016ade70d871503cbbb7362d8a0c5f41f
[INFO] checking joshhansen/Fil against master#af3c6e733a40e671550e0f0f5aeecaa13772ba56 for pr-74989
[INFO] running `Command { std: "git" "clone" "/workspace/cache/git-repos/https%3A%2F%2Fgithub.com%2Fjoshhansen%2FFil" "/workspace/builds/worker-3/source", kill_on_drop: false }`
[INFO] [stderr] Cloning into '/workspace/builds/worker-3/source'...
[INFO] [stderr] done.
[INFO] validating manifest of git repo https://github.com/joshhansen/Fil on toolchain af3c6e733a40e671550e0f0f5aeecaa13772ba56
[INFO] running `Command { std: "/workspace/cargo-home/bin/cargo" "+af3c6e733a40e671550e0f0f5aeecaa13772ba56" "read-manifest" "--manifest-path" "Cargo.toml", kill_on_drop: false }`
[INFO] started tweaking git repo https://github.com/joshhansen/Fil
[INFO] removed path dependency cv from git repo https://github.com/joshhansen/Fil
[INFO] finished tweaking git repo https://github.com/joshhansen/Fil
[INFO] tweaked toml for git repo https://github.com/joshhansen/Fil written to /workspace/builds/worker-3/source/Cargo.toml
[INFO] crate git repo https://github.com/joshhansen/Fil already has a lockfile, it will not be regenerated
[INFO] running `Command { std: "/workspace/cargo-home/bin/cargo" "+af3c6e733a40e671550e0f0f5aeecaa13772ba56" "fetch" "--locked" "--manifest-path" "Cargo.toml", kill_on_drop: false }`
[INFO] [stderr] warning: dependency (cv) specified without providing a local path, Git repository, or version to use. This will be considered an error in future versions
[INFO] [stderr]     Blocking waiting for file lock on package cache
[INFO] [stderr]     Updating crates.io index
[INFO] [stderr] error: the lock file /workspace/builds/worker-3/source/Cargo.lock needs to be updated but --locked was passed to prevent this
[INFO] [stderr] If you want to try to generate the lock file without accessing the network, use the --offline flag.
[INFO] the lockfile is outdated, regenerating it
[INFO] running `Command { std: "/workspace/cargo-home/bin/cargo" "+af3c6e733a40e671550e0f0f5aeecaa13772ba56" "generate-lockfile" "--manifest-path" "Cargo.toml" "-Zno-index-update", kill_on_drop: false }`
[INFO] [stderr]     Blocking waiting for file lock on package cache
[INFO] running `Command { std: "/workspace/cargo-home/bin/cargo" "+af3c6e733a40e671550e0f0f5aeecaa13772ba56" "fetch" "--locked" "--manifest-path" "Cargo.toml", kill_on_drop: false }`
[INFO] [stderr] warning: dependency (cv) specified without providing a local path, Git repository, or version to use. This will be considered an error in future versions
[INFO] [stderr]     Blocking waiting for file lock on package cache
[INFO] [stderr]     Blocking waiting for file lock on package cache
[INFO] running `Command { std: "docker" "create" "-v" "/var/lib/crater-agent-workspace/builds/worker-3/target:/opt/rustwide/target:rw,Z" "-v" "/var/lib/crater-agent-workspace/builds/worker-3/source:/opt/rustwide/workdir:ro,Z" "-v" "/var/lib/crater-agent-workspace/cargo-home:/opt/rustwide/cargo-home:ro,Z" "-v" "/var/lib/crater-agent-workspace/rustup-home:/opt/rustwide/rustup-home:ro,Z" "-e" "SOURCE_DIR=/opt/rustwide/workdir" "-e" "CARGO_TARGET_DIR=/opt/rustwide/target" "-e" "CARGO_HOME=/opt/rustwide/cargo-home" "-e" "RUSTUP_HOME=/opt/rustwide/rustup-home" "-w" "/opt/rustwide/workdir" "-m" "1610612736" "--user" "0:0" "--network" "none" "rustops/crates-build-env@sha256:d92eaeed33fa75130ca1ee6c8a01d1ffb62bac859dfdfb3450e3e5d1c0146529" "/opt/rustwide/cargo-home/bin/cargo" "+af3c6e733a40e671550e0f0f5aeecaa13772ba56" "metadata" "--no-deps" "--format-version=1", kill_on_drop: false }`
[INFO] [stdout] 73da8703e37544da4304b7ca2cc8b0dbe1198847f9914005ea3133e40f5c9547
[INFO] [stderr] WARNING: Your kernel does not support swap limit capabilities or the cgroup is not mounted. Memory limited without swap.
[INFO] running `Command { std: "docker" "start" "-a" "73da8703e37544da4304b7ca2cc8b0dbe1198847f9914005ea3133e40f5c9547", kill_on_drop: false }`
[INFO] running `Command { std: "docker" "inspect" "73da8703e37544da4304b7ca2cc8b0dbe1198847f9914005ea3133e40f5c9547", kill_on_drop: false }`
[INFO] running `Command { std: "docker" "rm" "-f" "73da8703e37544da4304b7ca2cc8b0dbe1198847f9914005ea3133e40f5c9547", kill_on_drop: false }`
[INFO] [stdout] 73da8703e37544da4304b7ca2cc8b0dbe1198847f9914005ea3133e40f5c9547
[INFO] running `Command { std: "docker" "create" "-v" "/var/lib/crater-agent-workspace/builds/worker-3/target:/opt/rustwide/target:rw,Z" "-v" "/var/lib/crater-agent-workspace/builds/worker-3/source:/opt/rustwide/workdir:ro,Z" "-v" "/var/lib/crater-agent-workspace/cargo-home:/opt/rustwide/cargo-home:ro,Z" "-v" "/var/lib/crater-agent-workspace/rustup-home:/opt/rustwide/rustup-home:ro,Z" "-e" "SOURCE_DIR=/opt/rustwide/workdir" "-e" "CARGO_TARGET_DIR=/opt/rustwide/target" "-e" "CARGO_INCREMENTAL=0" "-e" "RUST_BACKTRACE=full" "-e" "RUSTFLAGS=--cap-lints=forbid" "-e" "CARGO_HOME=/opt/rustwide/cargo-home" "-e" "RUSTUP_HOME=/opt/rustwide/rustup-home" "-w" "/opt/rustwide/workdir" "-m" "1610612736" "--user" "0:0" "--network" "none" "rustops/crates-build-env@sha256:d92eaeed33fa75130ca1ee6c8a01d1ffb62bac859dfdfb3450e3e5d1c0146529" "/opt/rustwide/cargo-home/bin/cargo" "+af3c6e733a40e671550e0f0f5aeecaa13772ba56" "check" "--frozen" "--all" "--all-targets" "--message-format=json", kill_on_drop: false }`
[INFO] [stdout] d84b6246c2763cda8e295b24df399cd57daa8d24c9d0fa2f9b1eff96c7b68351
[INFO] [stderr] WARNING: Your kernel does not support swap limit capabilities or the cgroup is not mounted. Memory limited without swap.
[INFO] running `Command { std: "docker" "start" "-a" "d84b6246c2763cda8e295b24df399cd57daa8d24c9d0fa2f9b1eff96c7b68351", kill_on_drop: false }`
[INFO] [stderr] warning: dependency (cv) specified without providing a local path, Git repository, or version to use. This will be considered an error in future versions
[INFO] [stderr]    Compiling libm v0.2.1
[INFO] [stderr]     Checking rand_core v0.5.1
[INFO] [stderr]    Compiling typenum v1.12.0
[INFO] [stderr]    Compiling proc-macro2 v1.0.21
[INFO] [stderr]    Compiling proc-macro-hack v0.5.18
[INFO] [stderr]    Compiling unicode-xid v0.2.1
[INFO] [stderr]     Checking ppv-lite86 v0.2.9
[INFO] [stderr]    Compiling syn v1.0.41
[INFO] [stderr]     Checking sample-consensus v1.0.1
[INFO] [stderr]    Compiling byteorder v1.3.4
[INFO] [stderr]     Checking cfg-if v0.1.10
[INFO] [stderr]     Checking float-ord v0.2.0
[INFO] [stderr]     Checking rawpointer v0.2.1
[INFO] [stderr]     Checking hamming v0.1.3
[INFO] [stderr]    Compiling ndarray v0.13.1
[INFO] [stderr]     Checking smallvec v1.4.2
[INFO] [stderr]     Checking space v0.10.3
[INFO] [stderr]    Compiling log v0.4.11
[INFO] [stderr]     Checking primal-estimate v0.3.1
[INFO] [stderr]     Checking bytemuck v1.4.1
[INFO] [stderr]     Checking ahash v0.3.8
[INFO] [stderr]    Compiling bitflags v1.2.1
[INFO] [stderr]     Checking rustc-hash v1.1.0
[INFO] [stderr]     Checking unicode-width v0.1.8
[INFO] [stderr]     Checking arrayvec v0.5.1
[INFO] [stderr]     Checking strsim v0.8.0
[INFO] [stderr]     Checking vec_map v0.8.2
[INFO] [stderr]     Checking ansi_term v0.11.0
[INFO] [stderr]    Compiling num-traits v0.2.12
[INFO] [stderr]    Compiling num-integer v0.1.43
[INFO] [stderr]    Compiling num-complex v0.2.4
[INFO] [stderr]    Compiling num-rational v0.2.4
[INFO] [stderr]    Compiling num-rational v0.3.0
[INFO] [stderr]    Compiling hashbrown v0.7.2
[INFO] [stderr]     Checking matrixmultiply v0.2.3
[INFO] [stderr]     Checking rand_pcg v0.2.1
[INFO] [stderr]     Checking primal-bit v0.3.0
[INFO] [stderr]     Checking bitarray v0.2.6
[INFO] [stderr]     Checking textwrap v0.11.0
[INFO] [stderr]    Compiling levenberg-marquardt v0.5.2
[INFO] [stderr]     Checking atty v0.2.14
[INFO] [stderr]     Checking rand_chacha v0.2.2
[INFO] [stderr]     Checking primal-sieve v0.3.1
[INFO] [stderr]     Checking clap v2.33.3
[INFO] [stderr]     Checking rand v0.7.3
[INFO] [stderr]    Compiling quote v1.0.7
[INFO] [stderr]    Compiling paste-impl v0.1.18
[INFO] [stderr]     Checking arrsac v0.5.0
[INFO] [stderr]     Checking paste v0.1.18
[INFO] [stderr]     Checking generic-array v0.13.2
[INFO] [stderr]     Checking hnsw v0.6.1
[INFO] [stderr]     Checking approx v0.3.2
[INFO] [stderr]     Checking num-iter v0.1.41
[INFO] [stderr]     Checking primal-check v0.3.1
[INFO] [stderr]     Checking primal v0.3.0
[INFO] [stderr]     Checking simba v0.1.5
[INFO] [stderr]     Checking image v0.23.9
[INFO] [stderr]     Checking nalgebra v0.21.1
[INFO] [stderr]    Compiling derive_more v0.99.10
[INFO] [stderr]     Checking nshare v0.1.1
[INFO] [stderr]     Checking cv-core v0.15.0
[INFO] [stderr]     Checking cv-pinhole v0.6.0
[INFO] [stderr]     Checking lambda-twist v0.7.0
[INFO] [stderr]     Checking akaze v0.7.0
[INFO] [stderr]     Checking cv-geom v0.7.0
[INFO] [stderr]     Checking eight-point v0.8.0
[INFO] [stderr]     Checking cv v0.6.0
[INFO] [stderr]     Checking acheberescue v0.1.0 (/opt/rustwide/workdir)
[INFO] [stdout] error[E0432]: unresolved import `cv::Mat`
[INFO] [stdout]  --> src/in_/term.rs:4:5
[INFO] [stdout]   |
[INFO] [stdout] 4 | use cv::Mat;
[INFO] [stdout]   |     ^^^^^^^ no `Mat` in the root
[INFO] [stdout] 
[INFO] [stdout] 
[INFO] [stdout] error[E0432]: unresolved import `cv::highgui`
[INFO] [stdout]  --> src/in_/term.rs:5:9
[INFO] [stdout]   |
[INFO] [stdout] 5 | use cv::highgui::{WindowFlags,highgui_named_window};
[INFO] [stdout]   |         ^^^^^^^ could not find `highgui` in `cv`
[INFO] [stdout] 
[INFO] [stdout] 
[INFO] [stdout] error[E0432]: unresolved import `cv::videoio`
[INFO] [stdout]  --> src/in_/term.rs:6:9
[INFO] [stdout]   |
[INFO] [stdout] 6 | use cv::videoio::{CapProp,VideoCapture};
[INFO] [stdout]   |         ^^^^^^^ could not find `videoio` in `cv`
[INFO] [stdout] 
[INFO] [stdout] 
[INFO] [stdout] warning: unused import: `in_::term::TimedColorCodedOneBitDecoder`
[INFO] [stdout]   --> src/main.rs:16:5
[INFO] [stdout]    |
[INFO] [stdout] 16 | use in_::term::TimedColorCodedOneBitDecoder;
[INFO] [stdout]    |     ^^^^^^^^^^^^^^^^^^^^^^^^^^^^^^^^^^^^^^^
[INFO] [stdout]    |
[INFO] [stdout]    = note: `#[warn(unused_imports)]` on by default
[INFO] [stdout] 
[INFO] [stdout] 
[INFO] [stdout] error[E0432]: unresolved import `cv::Mat`
[INFO] [stdout]  --> src/in_/term.rs:4:5
[INFO] [stdout]   |
[INFO] [stdout] 4 | use cv::Mat;
[INFO] [stdout]   |     ^^^^^^^ no `Mat` in the root
[INFO] [stdout] 
[INFO] [stdout] 
[INFO] [stdout] error[E0432]: unresolved import `cv::highgui`
[INFO] [stdout]  --> src/in_/term.rs:5:9
[INFO] [stdout]   |
[INFO] [stdout] 5 | use cv::highgui::{WindowFlags,highgui_named_window};
[INFO] [stdout]   |         ^^^^^^^ could not find `highgui` in `cv`
[INFO] [stdout] 
[INFO] [stdout] 
[INFO] [stdout] error[E0432]: unresolved import `cv::videoio`
[INFO] [stdout]  --> src/in_/term.rs:6:9
[INFO] [stdout]   |
[INFO] [stdout] 6 | use cv::videoio::{CapProp,VideoCapture};
[INFO] [stdout]   |         ^^^^^^^ could not find `videoio` in `cv`
[INFO] [stdout] 
[INFO] [stdout] 
[INFO] [stdout] warning: unused import: `in_::term::TimedColorCodedOneBitDecoder`
[INFO] [stdout]   --> src/main.rs:16:5
[INFO] [stdout]    |
[INFO] [stdout] 16 | use in_::term::TimedColorCodedOneBitDecoder;
[INFO] [stdout]    |     ^^^^^^^^^^^^^^^^^^^^^^^^^^^^^^^^^^^^^^^
[INFO] [stdout]    |
[INFO] [stdout]    = note: `#[warn(unused_imports)]` on by default
[INFO] [stdout] 
[INFO] [stdout] 
[INFO] [stdout] error: aborting due to 3 previous errors; 1 warning emitted
[INFO] [stdout] 
[INFO] [stdout] 
[INFO] [stdout] For more information about this error, try `rustc --explain E0432`.
[INFO] [stdout] 
[INFO] [stderr] error: could not compile `acheberescue`.
[INFO] [stderr] 
[INFO] [stderr] To learn more, run the command again with --verbose.
[INFO] [stderr] warning: build failed, waiting for other jobs to finish...
[INFO] [stdout] error: aborting due to 3 previous errors; 1 warning emitted
[INFO] [stdout] 
[INFO] [stdout] 
[INFO] [stdout] For more information about this error, try `rustc --explain E0432`.
[INFO] [stdout] 
[INFO] [stderr] error: build failed
[INFO] running `Command { std: "docker" "inspect" "d84b6246c2763cda8e295b24df399cd57daa8d24c9d0fa2f9b1eff96c7b68351", kill_on_drop: false }`
[INFO] running `Command { std: "docker" "rm" "-f" "d84b6246c2763cda8e295b24df399cd57daa8d24c9d0fa2f9b1eff96c7b68351", kill_on_drop: false }`
[INFO] [stdout] d84b6246c2763cda8e295b24df399cd57daa8d24c9d0fa2f9b1eff96c7b68351
